et b = -31 - y. Let h = -1 - b. What is the tens digit of h?
2
Let j = 374 - -1144. Let t = -650 + j. What is the units digit of t?
8
Let j be ((-84)/105)/(6/(-15)). What is the hundreds digit of 2118/14 - j - (-12)/(-42)?
1
Suppose 76*z - 75*z - 121163 = -5*v, 24227 = v + 3*z. What is the hundreds digit of v?
2
Let d be (-95)/4 + ((-3)/4)/(-1). Let b = d + 25. Suppose -182 = -0*s - b*s. What is the units digit of s?
1
Suppose 261204 = 5*s + 3*x - 4*x, 5*s - 4*x = 261201. What is the units digit of s?
1
Let t(q) = 83*q**3 - 19*q**2 + 5*q + 6. What is the tens digit of t(2)?
0
Let s(b) = b**2 - 16376 - 25*b + 0*b**2 + 9*b**2 + 16303. What is the units digit of s(-13)?
2
Let j(n) = -5*n**3 + 48*n**2 - 6*n - 79. Let y(b) = b**3 - b**2 - 2*b. Let l(c) = j(c) + 6*y(c). What is the hundreds digit of l(-42)?
6
Suppose -3*n + 481 = -620. Let o = 4244 - 3703. Let s = o - n. What is the tens digit of s?
7
Suppose 5*r = -5*z - 88 + 233, 0 = 4*z + r - 110. Suppose 0*f + 15471 = z*f. What is the units digit of f?
3
Suppose 0*q + 32 = 5*o + 3*q, -4*q + 24 = 2*o. Let b be (o/(0 + -1))/((-9)/342). Suppose -b = -h - p - 2*p, -3*p + 295 = 2*h. What is the hundreds digit of h?
1
Let b(s) = 8*s**2 + 341*s + 6. What is the hundreds digit of b(51)?
2
Let i(x) = -x**3 + 4*x**2 - x - 3. Let m be i(2). Let s(g) = 4*g + 90. Let v be s(0). Suppose -m*z - v = -8*z. What is the units digit of z?
8
Let p(m) = m**3 + 7*m**2 - 6*m + 18. Let f be p(-8). Suppose 4*x + 3*t - 452 = -f*t, -x - 3*t = -113. What is the hundreds digit of x?
1
Let j = 20 + -17. Suppose -2*a = 6, a = -3*q - j*a + 192. Suppose 2*u - q = -2*u. What is the tens digit of u?
1
Suppose -9*h + 4*h + 282 = -3*c, 4*h = 5*c + 236. Let f be 234/h + (-1)/3. Suppose -5*u - 4*p = -766, 9*p - f*p + 5 = 0. What is the tens digit of u?
5
Suppose -267*h - 18 = -273*h. Suppose r - 3*l = 890, -16*r - h*l = -14*r - 1753. What is the units digit of r?
1
Let h = 764 + -1252. Let q = 907 - h. What is the units digit of q?
5
Let v(f) = -72*f - 1. Let g(y) = 108*y + 1. Let i(c) = 5*g(c) + 8*v(c). What is the tens digit of i(-8)?
8
Let h(z) = z - 2. Let n be h(7). Suppose 4*c = n*b + 167, -3*b + 28 = c - 7*b. Suppose 7*m - c - 64 = 0. What is the tens digit of m?
1
Let r(x) = -x**2 + 204*x - 362. What is the thousands digit of r(92)?
9
Suppose 2746 = 67*u - 336. Let x = -6 + 1. Let k = u + x. What is the tens digit of k?
4
Let a(b) = -90*b**2 + 50*b**2 - 6*b - 6 + 58*b**2. What is the units digit of a(-5)?
4
Suppose -25*t = -435947 + 90122. What is the hundreds digit of t?
8
What is the units digit of (693558/(-36) - -1)*(-8)/6?
6
Let v = 6818 - -239. What is the hundreds digit of v?
0
Let f(x) = 24*x**2 - 3. Let s be f(3). Let q = -2685 + 2824. Let k = s - q. What is the tens digit of k?
7
Let y = 7 - 1. Suppose 2*k + 4*g = 642, -3*k - 2*k + 4*g + 1563 = 0. Suppose -y*q = -q - k. What is the tens digit of q?
6
Let q = 98 - 93. Suppose -4*w = 3*j - 1434, 7*j - q*j - 952 = -4*w. Let b = -255 + j. What is the hundreds digit of b?
2
Let p(n) = -73*n**3 + n**2 + 5. Let j be p(-2). What is the units digit of (-5 - 1) + j + (-60)/6?
7
Let x = 90 - 88. Suppose x*w = 1 - 1. Suppose 3*b + 71 = 4*y - 133, w = -2*y - b + 92. What is the units digit of y?
8
Let y(a) = a - 4. Let m be y(6). Suppose -w + 7 = -0*w + t, -m*w - 3*t = -19. Suppose -2*z - 31 = -3*z - 5*f, 2*f = -w*z + 38. What is the tens digit of z?
1
Suppose 4*k = 4*r - k + 944, -2*r - 454 = 2*k. Let f = r - -135. Let d = -57 - f. What is the units digit of d?
9
Suppose -4*y - 253309 = -5*l, l - 50673 = -325*y + 323*y. What is the units digit of l?
5
Suppose 15*u - 33828 - 100065 = -4*u. What is the tens digit of u?
4
Suppose -35 = -t - 35. Suppose -x + 367 + 217 = t. Suppose 4*w = 2*l - 292, 2*l + 5*w - x = -2*l. What is the hundreds digit of l?
1
Let d(w) = 403*w**2 + 112*w + 12. What is the hundreds digit of d(-4)?
0
Let j be (-3)/(-12)*3 + (-8370)/(-8). Suppose 3*u = j + 81. Suppose -q + 123 = -2*c, -3*q - 47 = 4*c - u. What is the units digit of q?
5
Suppose -d + 132 = 4*u, -u - d + 5 + 28 = 0. Let g = u + -30. Suppose 4*x - 653 = -g*t, 0 = 4*x - 4*t - 249 - 439. What is the hundreds digit of x?
1
What is the hundreds digit of 106431/13 + 12*(-14)/(-21)?
1
Let r = 2521 - 1359. Let x = r + -617. What is the tens digit of x?
4
Let l(z) = 137*z**3 - 5*z**2 + 25*z - 69. What is the hundreds digit of l(4)?
7
Let w(n) = 5*n**2 + n**2 + 7*n - 7*n**2 + 2*n**2 + 14. Let z be w(-6). Suppose z*p - p = 119. What is the units digit of p?
7
Let o = 1002 - 347. Let u = -455 + o. What is the units digit of u?
0
Let p(w) = w**3 - 10*w**2 + 10*w - 12. Let f(y) = 3*y - 9. Let b be f(13). Let m be (1/(-3))/(-1)*b. What is the units digit of p(m)?
8
Let a = 30174 + -17640. What is the hundreds digit of a?
5
Let v(z) = -10*z**2 + 11 + 3*z**3 - 12*z - 4*z**3 + 11*z. Let m be v(-7). Let i = 183 + m. What is the units digit of i?
4
Let z(o) = o**3 - 12*o**2 - 35*o - 28. Let i(x) = -x**3 + 12*x**2 + 36*x + 27. Let u(m) = -4*i(m) - 5*z(m). What is the units digit of u(14)?
4
Let l = 19517 + -8826. What is the units digit of l?
1
Suppose 18*c = 16*c + 4. Suppose 6 = c*j, k - 5*j - 1 + 11 = 0. Suppose 9*f - 480 = k*f. What is the hundreds digit of f?
1
Let s(q) = 308*q - 208. Let x be s(12). Suppose -5*m + i + 1550 = -2810, -4*m = 2*i - x. What is the hundreds digit of m?
8
Let n be (3 + -2)/(2/4190). Suppose g + i - 710 = 3*i, -n = -3*g - i. Suppose 6*j - g = j. What is the tens digit of j?
4
Let g(r) = 13*r + 11. Let u be g(4). What is the tens digit of 12/(0 - (-14)/u)?
5
Suppose -2*m = 6, 7*b - 4*b - m = -12. Let c = 204 - b. Suppose -4*j + c - 17 = 0. What is the units digit of j?
8
What is the tens digit of 5949 + (9 + -14 - -16)?
6
Suppose -24*i - 7*i = -8*i - 1235077. What is the hundreds digit of i?
6
Let o = 50034 - 31518. What is the thousands digit of o?
8
Let t(m) be the first derivative of -121*m**2/2 + 71*m - 119. What is the tens digit of t(-5)?
7
Let b = -1253 - -4517. What is the hundreds digit of b?
2
What is the thousands digit of (4 - 7)/(-2*9/197454)?
2
Let g(b) = -b**3 + 12*b**2 - b - 3. Let o be 2/((-54)/135 - 0/2). What is the tens digit of g(o)?
2
Suppose 63969 = -4*x + 3*t + 335916, 4*x - 9*t = 271977. What is the ten thousands digit of x?
6
Suppose -10 + 8 = -o. Let b = 43 - 38. Suppose -v - o*r + r + 143 = 0, 3*v - b*r = 389. What is the tens digit of v?
3
Suppose s + 2774 = 2*u, 4*s - 3277 = -2*u - 513. Suppose 5*p + 448 = -2*t + u, -2*t = -4*p - 902. What is the units digit of t?
9
Let x = -228 + 235. Suppose -x*y + 4372 = -1515. What is the units digit of y?
1
Let s = -10837 - -17522. What is the units digit of s?
5
Suppose 90*s = 100*s + 5*v - 343455, 4*s - 137381 = -v. What is the tens digit of s?
4
Suppose 2*o - 53 = o + x, 0 = o - 5*x - 65. Let w = o - 47. Suppose -w*l + 94 = 4*b, -3*b + 105 - 28 = -l. What is the tens digit of b?
2
Suppose -2262 = 66*y - 72*y. What is the hundreds digit of y?
3
Let c = 4280 - -280. What is the hundreds digit of c?
5
Let t(d) = 5*d + 30. Let w be t(-5). Suppose -3*m = -3*k + 1089, k + w*m + 1448 = 5*k. What is the units digit of k?
7
Let t be 3/(-1 - -2) - 1. Let n(c) = -2*c + 13*c - 4*c - c**t + 9*c + 7. What is the tens digit of n(11)?
6
Suppose 77*a - 990546 = -37*a. What is the units digit of a?
9
Let l(t) = 127*t - 2092. What is the hundreds digit of l(113)?
2
Let v(w) = 9*w + 49. Let r be v(-5). Suppose 5*c = 9*c - r*k - 1304, 2*k = 4*c - 1298. What is the units digit of c?
3
Let v = 282 + 7119. What is the thousands digit of v?
7
Suppose 95213 + 242871 = 43*p - 733648. What is the ten thousands digit of p?
2
Suppose -5*n + 80 = -0*n + 4*p, 64 = 4*n + p. Suppose -6*m = -n*m + 5*m. What is the units digit of 1 + m - (-126 - (-5 - -10))?
2
Let u(q) = q**2 - 8*q + 13. Let v be u(7). What is the tens digit of -1*((11 - v) + -387)?
8
Let x(s) = s**2 - 7*s - 14. Let z be x(12). Let p = z - 41. Suppose 58 = 3*i - 5*k - 114, p*i + 4*k = 336. What is the tens digit of i?
6
Let d = -33 + 75. Suppose d = -t + k, -k - 69 = 4*t - 2*t. Let i = 155 + t. What is the hundreds digit of i?
1
Suppose 63*h - 41*h = 30*h - 193120. What is the units digit of h?
0
Let z be ((-1358)/(-22))/7 + 4/22. Suppose k + z = 84. What is the units digit of 